emainder when (-1)/((-2)/v) - 2 is divided by d?
10
Let i be 8 - 0/(-1 - -3). Suppose 2*z - 2 + i = 0. What is the remainder when 5 is divided by z*(-1)/(2 - 1)?
2
Let h(y) = -11*y - 36. Calculate the remainder when h(-8) is divided by 20.
12
Let b(z) = 7*z**2 + 5 - 3*z**3 - 14 + 3*z + 4*z**3. Let r = -30 - -44. Calculate the remainder when b(-5) is divided by r.
12
Suppose -5*b + b = 0. Suppose -4 = 2*q, 5*t + 5*q + 101 - 21 = b. Let d = t + 25. What is the remainder when d is divided by 6?
5
Suppose -t + 6*t - 365 = 0. Let o(x) = x**3 + x**2 - 2*x + 19. Calculate the remainder when t is divided by o(0).
16
Let z(s) = s + 2. Let k be z(-2). Suppose 3*i - i - 12 = k. What is the remainder when 17 is divided by i?
5
Let x(f) = 3*f**3 + 2*f**2 - 3*f - 4. Let c be (-1)/(-4) + (-39)/12. Let g be x(c). Let b = -9 - g. What is the remainder when b is divided by 13?
10
Let g be (-3)/(-2) - (-9)/6. Suppose -f = 5*c - 2*f - 14, 0 = g*c - 3*f - 6. Calculate the remainder when 11 is divided by c.
2
Let s = 205 + -96. Suppose 4*z - s = 55. Let b = z - 21. Calculate the remainder when b is divided by 7.
6
Let s = -2 - -2. Let a = 13 + s. Suppose -q + 5*l + 49 = 0, -4*l + l = 3*q - 57. What is the remainder when q is divided by a?
11
Let k(o) = 3*o - 4. Let y be k(3). Let v = 52 + -21. Let u = v - y. Calculate the remainder when u is divided by 14.
12
Suppose 4*l - 26 - 26 = 0. Let z = l - 5. Calculate the remainder when z is divided by 3.
2
Suppose 2*o + 4*n - n = 169, o + 4*n = 72. What is the remainder when o is divided by 33?
26
Suppose 3*o - k - 3 = 4*o, 0 = -k. Let p be ((-4)/o + 0)*3. Suppose p + 2 = c. What is the remainder when 10 is divided by c?
4
Suppose -62 = -6*s + 22. Calculate the remainder when 96 is divided by s.
12
What is the remainder when 41 is divided by (-12)/54 - (-274)/18?
11
Suppose 0 = -r - 2*r - 30. Let d = r + 21. Calculate the remainder when 32 is divided by d.
10
Let r = -18 + 23. Suppose -3*f = -r*f + 12. What is the remainder when 10 is divided by f?
4
Suppose -2*b + 22 = w - 5*w, 4*w = 3*b - 29. Let t be 2/((-79)/40 - -2). Suppose 0*k + t = 4*k. Calculate the remainder when k is divided by b.
6
Let z(g) = g**2 - 4. Let x(d) = d**3 - 11*d**2 + 12. Calculate the remainder when z(-7) is divided by x(11).
9
Let y(b) = -7*b + 4. Suppose d = -0*d - 3*f - 16, 0 = 3*d - 4*f + 9. Calculate the remainder when y(d) is divided by 14.
11
Suppose 6 = u + s, 3*s + 0*s - 12 = 0. Suppose u*o + 0*o - 20 = 0. What is the remainder when 29 is divided by o?
9
Suppose 2*n + 5*y = 75, -n - 195 = -6*n - 5*y. Calculate the remainder when n is divided by 22.
18
Let a be 9 + (0 - (-2 + 3)). Let d(t) = t + 8. Calculate the remainder when d(a) is divided by 9.
7
Let f(h) = 8*h - 2. Let m = -10 + 15. Let y be -2 + m - (2 - 1). Calculate the remainder when f(y) is divided by 5.
4
Suppose 4*s - 12 = 0, -2*s = -5*o - 7*s + 75. Calculate the remainder when 70 is divided by o.
10
Let o = -116 + 117. What is the remainder when 9 is divided by o?
0
Let h = 4 - 4. Suppose 25 = 3*o + 4*d, 2*o - 26 = -h*o - 5*d. What is the remainder when 5 is divided by o?
2
Suppose 3 - 6 = p - 4*k, -5*k = -5*p. Suppose -5*w - 1 + 6 = 0. What is the remainder when p is divided by w?
0
Suppose -5*y + 18 = 3. Calculate the remainder when 4 is divided by y.
1
Let l(b) = -b**3 - b + 27. Let p = -43 - -58. Calculate the remainder when l(0) is divided by p.
12
Let i(s) = -s**2 - 5*s - 5. Let d be i(-4). What is the remainder when d/((-2)/54) + 1 is divided by 1630/110 - 2/(-11)?
13
Let i = -22 + 101. Calculate the remainder when i is divided by 20.
19
Suppose 2*n - n = 70. Suppose 3*z = 5*c + n, -3*z - 76 = -6*z - c. Calculate the remainder when z is divided by (-68)/(-6) + 1 + (-2)/(-3).
12
Let d(b) = b**3 - 6*b**2 + b - 1. Let h(q) = -q**2 - 8*q - 3. Calculate the remainder when h(-6) is divided by d(6).
4
Let q(z) = 2*z**2 - 8*z + 4. Suppose 0*w - 16 = -4*w, 5*d = 2*w + 17. What is the remainder when q(5) is divided by d?
4
Let m(s) = -6*s + 52. Let h(t) = -3*t - 3. What is the remainder when h(-6) is divided by m(8)?
3
Let w(h) = -h. Suppose 4*d + 9 = -19. Let s(l) = 4*l**2 + 2*l. Calculate the remainder when s(2) is divided by w(d).
6
Suppose 4*d = -3*q - d + 29, -20 = -2*q - 3*d. Suppose 0*j + 105 = -4*l - j, l - 2*j = -33. Let c = l + 52. What is the remainder when c is divided by q?
12
Suppose 4*m + 4*v = 36, 4*m + 2*v - 3 = 37. What is the remainder when 42 is divided by m?
9
Let c = -54 - -81. Calculate the remainder when 107 is divided by c.
26
Calculate the remainder when (7/3)/(9/189) is divided by 2*(-1)/(-2)*13.
10
Calculate the remainder when 3 is divided by ((-75)/(-27))/1 + (-2)/(-9).
0
Let r(d) = 15*d**2 - 2*d + 1. What is the remainder when 68 is divided by r(1)?
12
What is the remainder when 108/(-14)*(-126)/27 is divided by 13?
10
Let l(o) = -2*o**3 - 2*o**2 - 4*o. Let h be l(3). What is the remainder when ((-4)/(-8))/((-3)/h) is divided by 8?
6
Let i(x) = 3*x**2 - x. Let a be i(1). Suppose 24 = a*l - l. Suppose 5*g = g + 52. Calculate the remainder when l is divided by g.
11
Let f(v) = -v + 5. What is the remainder when 33 is divided by f(-4)?
6
Let u = 0 - -13. Calculate the remainder when 24 is divided by u.
11
Suppose -b + 2*b + 21 = 5*m, 2*m - 18 = -2*b. Suppose b*r - 38 = -2*y, -22 = -2*r - 7*y + 3*y. Calculate the remainder when 16 is divided by r.
7
Let y be (0 + -24)*3/3. Let n = -11 - y. Let l = -54 - -91. What is the remainder when l is divided by n?
11
Calculate the remainder when (1/((-4)/(-6)))/((-45)/(-1200)) is divided by 11.
7
Suppose 20 = 5*j - 250. Calculate the remainder when j is divided by 15.
9
Let o(d) = 49*d - 8. Let a(t) = -16*t + 3. Let x(v) = -11*a(v) - 4*o(v). What is the remainder when 56 is divided by x(-1)?
18
Calculate the remainder when 68 is divided by (46/(-5))/(4/(-10)).
22
Suppose 3*w - 4*w + 4 = 0. Suppose -13 = -3*y - k, 3*k + 9 = -6. Calculate the remainder when (w + -6)/((-4)/22) is divided by y.
5
Let c(o) = o**2 + 11*o + 3. Calculate the remainder when 4 is divided by c(-11).
1
Let i be 18/(-1*(-4)/(-14)). Let y be i*-1*(-1)/(-1). Suppose 4*u - y + 15 = 0. What is the remainder when 34 is divided by u?
10
Suppose -76 = -4*g - i + 2*i, 2*i - 76 = -4*g. Calculate the remainder when 54 is divided by g.
16
Suppose 4*n - 7*n = 0. Suppose -4*t = n, -4*a - 3*t + 78 = -158. What is the remainder when a is divided by (-4)/5 - 728/(-35)?
19
Let z(o) = 7*o - 33. What is the remainder when z(11) is divided by 24?
20
Let t be 40/(-5) + (3 - 1). Suppose -3*q + 41 + 13 = 0. Calculate the remainder when t/(-2)*(-34)/(-3) is divided by q.
16
Suppose 5*r - 34 = -2*x, 3*r = -x + 8 + 11. Let s = -6 + x. What is the remainder when 2 is divided by s?
0
Let u = -7 - -27. Calculate the remainder when u is divided by 8.
4
Suppose 0 = y + 5, y = 3*x - 29 + 3. What is the remainder when 12 is divided by x?
5
Let i = 15 - 5. What is the remainder when 20 is divided by ((-18)/i)/((-12)/40)?
2
What is the remainder when 27 is divided by 28/98 - (-1 - (-80)/(-14))?
6
Suppose -2*g + 33 = g. Let a(i) = -4*i. Let b(y) = -y**3 - 4*y**2 + 6*y + 4. Let m be b(-5). Calculate the remainder when g is divided by a(m).
3
Suppose 2*i = -5*n + 6*i + 27, 5*n - 5*i = 30. Suppose -n = 5*k - 23. What is the remainder when 14 is divided by k?
2
Let t = 140 - 71. Calculate the remainder when t is divided by -18*(8/3 - 4).
21
Let s be ((-2 - -1) + 4)*-1. What is the remainder when 17 is divided by 4 + (-4 - (-8 - s))?
2
Let n = 1 + 3. Suppose -n*i + 10 = -42. What is the remainder when 36 is divided by i?
10
Let i(p) = -2*p - 1 + 2 + 0*p + 0. Suppose s - 2*z - 3*z - 8 = 0, -s - z + 38 = 0. Calculate the remainder when s is divided by i(-8).
16
Let l = -13 + 16. Suppose t - 3*a + 11 = 0, -l*t + 2*a = -2*a + 13. Calculate the remainder when t is divided by 1.
0
Let c(l) = -11*l + 1. Let t be (-2)/5 + 9/(-15). Suppose 3*p - 116 + 11 = 0. Calculate the remainder when p is divided by c(t).
11
Suppose 31*y - 25*y - 444 = 0. Calculate the remainder when y is divided by 20.
14
Let a(z) = 51*z**2 + 2. Suppose -2 = -3*t + 4. Suppose -60 = -4*n + 4*o, 0 = -t*n + 3*o + o + 24. What is the remainder when a(1) is divided by n?
17
Let k be 38/6 - (-4)/(-12). Suppose -3*t + k*t =